 + -8 + -1?
-1
Evaluate -12 + (3 + 5 + -7 - -6).
-5
-1 + 8 - (-5 + 9)
3
Calculate (-2 - -11) + (-6 - 2).
1
What is 7 + (-6 - -3) - 6?
-2
What is the value of 3 + (1 - (1 - 0)) + 3?
6
What is the value of 8 - 5 - ((1 - 1) + 4)?
-1
Evaluate 5 - 6 - 2 - -8.
5
Calculate (-14 - -7) + (5 - -2).
0
What is (143 - 139) + -6 + 0 + 2?
0
Evaluate 1 + (1 - (5 + 1 + -1)).
-3
-5 + (-4 + -1 - (27 - 35))
-2
What is 0 - (4 - (8 - 4))?
0
Calculate 1 + 1 + -7 + 12 + 1.
8
What is the value of 43 + -47 - (3 + -1)?
-6
8 + -2 + (-4 - 0)
2
Calculate 9 + -4 + -11 + -1 - -3.
-4
Calculate 0 + (6 - (15 - 6)).
-3
What is -12 - (-15 - (-13 - -12))?
2
1 + 1 - (3 + (6 - 13))
6
What is the value of -1 - (-7 - (-8 + 4))?
2
5 + 1 + -1 - 1
4
What is the value of -10 + 6 + (-4 - (-11 - 4))?
7
What is the value of -3 - 5 - -14 - (8 + 0)?
-2
1 - (-3 - ((-1 - -5) + -2))
6
Evaluate -2 + 7 + -3 + -7 + 3.
-2
What is 2 + 0 + -6 + 0?
-4
What is the value of -2 - (1 + 3) - -13?
7
Evaluate -2 - (4 + -2 - 4).
0
What is (1 - 5) + (14 - -4 - 11)?
3
Calculate 5 + (-19 - -7) - (-2 + -1).
-4
What is -5 + (4 - (2 - 1 - 2))?
0
Evaluate -4 - (0 + -2 - (-6 - -6)).
-2
What is -1 - 3 - ((-2 - -8) + -10)?
0
Evaluate -127 + 127 - (2 - -1).
-3
What is the value of -2 + (-2 - 2 - 0) + 4?
-2
Evaluate -6 + (-6 - (-14 - -2)) + 6.
6
(-3 - -1) + (3 - (4 - 2))
-1
0 - 2 - -2 - -4 - 4
0
-2 + (-3 - (-3 + 1)) + 1
-2
4 - 8 - (6 + -2 + -5)
-3
Evaluate 6 + (3 + -5 + -3 - 1).
0
Calculate -8 - (2 + 6 + 0 + -12).
-4
Calculate -8 + (11 - 6) + 7.
4
-1 + 2 + (4 - -1) + -1
5
Evaluate (-24 - -23) + (3 - 1) + 1.
2
What is the value of (10 + -5 - 4) + 2 - 1?
2
What is (-1 - (6 - 13)) + 0 + -1?
5
What is 4 + -7 + 3 + -1?
-1
2 + -4 + 4 + -3 + -3
-4
Evaluate 3 + (-13 - -17) - (-1 - 0).
8
Evaluate (3 - 2) + -4 - 2 - -3.
-2
Evaluate -14 - -18 - 1 - (1 - 3).
5
What is the value of 4 + (-5 - -3) + -2?
0
Evaluate 0 + 2 + (6 - 2) + -2.
4
Evaluate -2 - (7 + (4 - 5 - 1)).
-7
Evaluate 2 - (1 + 3 - (-1 + 8)).
5
What is 0 + -4 - (-4 + 1)?
-1
What is 0 - 8 - (-11 + 6)?
-3
What is the value of 1 + 1 + 10 + -12?
0
Calculate 1 + 2 + -177 + 168.
-6
What is the value of -3 + -4 - (-1 - (6 + -2))?
-2
What is -9 - (-14 + -2 + 10 + -1)?
-2
What is the value of (0 - (0 + 0) - 1) + -2?
-3
Evaluate 3 + 7 + -19 + 11.
2
What is -6 - ((-5 + 6 - -6) + -6)?
-7
What is the value of -7 + (9 - (-14 - -11))?
5
(3 + -3 + 3 - 3) + -3
-3
What is the value of 2 + (2 - (-2 - -3)) + 0?
3
(7 + -3 - -2) + -4
2
What is the value of 4 - (5 - (-4 - -3))?
-2
Evaluate -6 + -9 + 5 + 9.
-1
Calculate -1 + 6 - (134 + -121).
-8
Calculate 7 + 4 + -13 - -3.
1
Calculate -9 + 5 + -7 + 6.
-5
Evaluate -2 - (-4 + 1 - 0) - -2.
3
-5 - (0 + 3) - -4
-4
Evaluate -2 + -3 + 7 - 0.
2
What is the value of -6 + (-4 - (-12 + (1 - -5)))?
-4
What is the value of 12 + -7 + (-4 - 1 - -1)?
1
Calculate 3 - (-4 - (-4 - 0)).
3
13 + (3 - 7) - 7 - -1
3
(0 - 7 - -5) + 7
5
Evaluate (4 - 2) + -9 + -4 + 19.
8
Calculate -5 + 1 - (-1 + -6).
3
-1 + 2 + (3 - (0 - -2))
2
Evaluate 5 - (0 - (5 - 11) - 6).
5
What is the value of 1 + -1 + (-16 - -8) + 8?
0
What is the value of -13 - (5 - 1 - 18)?
1
Calculate -5 - 0 - (2 + (3 - 8)).
-2
What is the value of 1 + 1 + (-14 - (3 + -12))?
-3
Calculate 4 + (-2 - (2 - 6 - -2)).
4
Evaluate 3 + 3 + (7 - 10) - 4.
-1
-1 + 4 + 0 + -9 + 3
-3
-1 - -3 - (6 - (17 + -6))
7
What is the value of -3 + (-2 + 2 - 1) + 3?
-1
Evaluate 10 + (-1 - 11 - (-11 + 5)).
4
Evaluate (2 - 9 - -21) + -6.
8
Evaluate 17 + -8 - 11 - (0 - -1).
-3
What is -86 + 82 + -2 + 0 + 4?
-2
What is 5 + (-22 - -9) + 9?
1
What is the value of -18 - -13 - (-6 - (-1 + 5))?
5
Calculate (3 - 2) + 6 + (-13 - -2).
-4
5 + (8 - 15 - -7)
5
Calculate 1 + 0 - (-10 + 12 - 5).
4
Evaluate 1 + (-6 - (-3 - 9)).
7
Evaluate (1 - -1 - -3) + 0 + 1.
6
Evaluate (11 - 16) + 8 + 2 + -5.
0
-3 + -1 + (7 + 9 - 8)
4
Evaluate 2 + 2 + -1 + -3.
0
Calculate 4 - (7 - 8 - -4).
1
2 + 11 - (-9 - -20)
2
What is the value of (-2 - -1) + (-16 - (-9 - 7))?
-1
Calculate 3 + 4 + 0 + -2.
5
What is -4 + 0 - (0 + -1) - -3?
0
(1 - 7 - -9) + 0 - -5
8
Evaluate 0 + 5 + -39 + 34.
0
What is -22 + 5 - -7 - -8?
-2
What is -9 + 16 + 1 - 9?
-1
Calculate 1 + (5 - (3 - 0) - 3).
0
Calculate 0 - ((-3 - -1) + 4 - 0).
-2
-2 - (5 + -10 + 1 + 1)
1
What is 7 + 0 + (4 + -5 - 0)?
6
What is -14 + 3 + 3 - -15?
7
What is -3 - (-4 + (7 - 1 - 3))?
-2
Evaluate (0 - 0) + -6 + -4 + 7.
-3
Evaluate 6 + 1 + -3 + -2 + 1.
3
Calculate -7 + (-5 - -13 - (-8 - -7)).
2
Evaluate 3 - ((0 - -7) + -4 + 2).
-2
What is the value of -3 + 10 + -5 + 0 + -6?
-4
(10 - 2) + -1 + -28 + 27
6
What is the value of 2 + (-7 - -5 - -1) + -7?
-6
Calculate 21 + -14 - (-1 + 9).
-1
What is the value of 2 + -4 - (18 - 14)?
-6
69 + -71 - (0 + 0) - -8
6
Evaluate -2 - (-5 + 7 - 2).
-2
What is (-4 - -14) + -4 + -3 + 1?
4
Evaluate -4 - (5 - 10 - -4).
-3
What is -2 + 3 + 3 + -11 + 7?
0
6 - 3 - 2 - 3
-2
Calculate -7 + 1 + 2 + -2 + 2.
-4
Evaluate -3 + (-6 - -3) + 7.
1
What is (-6 - -6) + -6 + 1?
-5
Evaluate 6 - 9 - (-5 - -1).
1
10 + -14 - (-2 - -3)
-5
What is -3 - (-1 + -6 + (2 - -1))?
1
What is the value of -11 + (4 - (3 - 6))?
-4
2 + -7 + 4 + -8 + 1
-8
What is the value of -9 + -4 + (8 - -1)?
-4
Evaluate 0 - -4 - (5 - 1).
0
Calculate (2 + 6 + -5 - -7) + -4.
6
What is the value of -3 + (2 - -8) + -6?
1
Calculate (-6 + -5 - -8) + -2.
-5
Evaluate 2 + (16 - 17 - (0 + 4)).
-3
What is 4 + -1 - 4 - (-3 - 3)?
5
Evaluate 2 + -4 - (-10 + 2 - -3).
3
Evaluate 6 - (-7 - -11 - 5 - -3).
4
What is -5 + (2 - (-5 - -3))?
-1
-6 + -9 + 8 - -11
4
What is 3 + 1 + (1 - (3 - -11))?
-9
What is -1 - (-3 + -1) - -1?
4
-3 + (-1 + -5 - -4) - -6
1
What is the value of -8 - -7 - (3 + -1)?
-3
What is -3 - (3 + (3 - 4)) - -8?
3
What is the value of -5 - (5 + -13) - 8?
-5
Evaluate -2 + (-12 - -3 - -6).
-5
What is 2 - (0 + (-3 - -2 - 1))?
4
What is 3 - (4 - -3 - 0)?
-4
What is the value of 2 - 12 - (6 - 13)?
-3
Calculate -5 + 9 + -2 - 6.
-4
Calculate 5 - (4 + 0 - (-6 - -4)).
-1
What is 24 + -26 - (-2 + -3)?
3
What is 1 + -1 - (2 - -2) - -6?
2
Evaluate 2 - (9 + (0 - 2)).
-5
Calculate -2 + (7 - (23 + -9)).
-9
What is the value of 5 + -1 + 4 + -5?
3
(-1 - 5) + (-11 + 3 - -8)
-6
What is (5 + 1 - 9) + -1?
-4
Evaluate -5 + 1 + 1 - 1.
-4
Evaluate 1 - ((7 - 12) + 6).
0
What is the value of -9 + 0 + 15 - 10?
-4
What is the value of (-2 - (-3 + 7 - 7)) + 2?
3
Calculate (-66 - -60) + (-2 - -2 - 2).
-8
What is the value of -3 + 7 + -7 + 0?
-3
What is the value of (1 - (-2 + 0 + 2)) + -4?
-3
What is 5 - ((-2 - -1) + (-1 - -5))?
2
What is the value of -7 + (5 - -2) + 7?
7
What is 4 + (-11 - -1) + 9?
3
What is -8 + 14 - (-4 + 6)?
4
Evaluate -5 + (10 - -6) - 11.
0
What is (9 - 12) + (2 - 2)?
-3
Calculate (14 - 28) + (11 - -11).
8
What is the value of (0 - 1) + 0 - (-63 + 62)?
0
What is the value of -1 - (-7 + 6 + (0 - 4))?
4
4 + 0 + -4 + 4
4
What is the value of 11 + -17 - (-2 + 0 - -2)?
-6
(4 - 0 - 5) + -3
-4
What is -5 + (-21 + 20 - (0 + -4))?
-2
Evaluate -9 - 3 - (-10 + 0).
-2
What is the value of (-12 - -19) + (-6 - (2 - 4))?
3
What is (3 + -2 - (1 - 0)) + -2?
-2
What is the value of 4 - (2 - 3) - 1 - -1?
5
1 + 3 - (-3 - -6) - 6
-5
What is 6 - (-3 - (-2 - (8 - 4)))?
3
What is the value of -4 + -1 - (1 - (-8 + 9))?
-5
What is the value of 12 - (5 + 12) - (-3 + 5)?
-7
Evaluate -4 + 4 + 0 + 3.
3
Evaluate -139 + 137 + (0 - 1 - 5).
-8
What is -2 + (-2 + -1 - (-23 - -14))?
4
What is -1 - (-15 + 5) - (7 + -3)?
5
What is the value of 4 - -1 - (41 - 35)?
-1
Calculate 0 + (0 - 2) + 0 - 1.
-3
What is -2 + 3 + (1 - (2 + 0))?
0
Calculate -20 - (7 + -21) - -14.
8
Calculate (11 - 9) + 2 - 10.
-6
Evaluate -5 - (-4 + 6 + -5).
-2
1 - (-3 + 8 + -10)
6
Calculate (0 - 3) + -11 + 31 + -25.
-8
-7 - -8 - (3 + (2 - 2))
-2
Calculate 2 + (0 + 2 - (-1 - -4)).
1
Evaluate (-4 - -4) + -3 + 2.
-1
Evaluate 6 + -8 + 2 + (-5 - 1).
-6
11 + (7 - 16 - 2)
0
Calculate 6 - (-1 + 1 + -6) - 4.
8
What is the value of 8 - 0 - (-4 - (-1 - 7))?
4
What is 48 + -53 + (0 - -1)?
-4
Evaluate 6 + (2 + 1 - 12).
-3
Evaluate -3 + (3 - 4) + 6.
2
What is the value of 5 + -2 + 2 + -5 + -2?
-2
What is the value of -2 + -2 - (-2 - 3) - 2?
-1
Evaluate (-1 - 0) + -10 - -5 - -3.
-3
Calculate (-5 - (-21 + 2)) + -12.
2
Calculate 3 + 8 + -2 + -14.
-5
Calculate 2 + -5 + 3 - 4.
-4
What is the value of 6 - (5 - (-6 + 10 + 1))?
6
-1 + 1 + 1 + (1 -